6 - -8. Suppose 240 = 3*b - j - h*j, -4*b = -z*j - 325. What is the tens digit of b?
7
What is the hundreds digit of (1208/(-12) + -6)*9/(-6)?
1
Suppose p + 0*p = 8. Let j = p + -11. What is the units digit of j/15 + (-92)/(-10)?
9
Suppose 32 + 38 = 7*x. Let h = x + 5. What is the units digit of h?
5
Let z = 3957 - 2491. What is the units digit of z?
6
Let u = -113 - -172. What is the units digit of u?
9
Suppose -r - 3*r = -2*t - 40, 0 = 2*t + 4. Let z = r - 5. Suppose z*p + j = p + 34, 51 = 2*p - 5*j. What is the tens digit of p?
1
Suppose 0 = 5*k - 571 + 121. Let j = k - 130. Let h = j - -61. What is the tens digit of h?
2
Let n(o) = 6*o**2 - 33*o + 27. What is the tens digit of n(11)?
9
Let q be (2115/(-10))/(9/(-12)). Suppose -i = 46 - q. Suppose -2*r - 4*y = -58 - 66, 4*r - 4*y = i. What is the units digit of r?
0
Let u(k) = 0*k - 2*k - 1 + 0*k + 3*k. Let s be u(2). Let v = s + 1. What is the units digit of v?
2
Suppose -i = 2*q - 1, 0*i - 5*i - 4*q + 23 = 0. Suppose -2*y = -i*y + 200. What is the tens digit of y?
4
Let k be 19/7 - (18/(-14) + 1). Suppose -5*a + 190 = -k*l, a - 2*l = 3*l + 38. What is the tens digit of a?
3
Let x(r) = -3*r - 1. Let o be x(-1). Let a be 0 + 4*2/o. Suppose 5*v - a = v. What is the units digit of v?
1
Suppose -764*g + 216 = -760*g. What is the units digit of g?
4
Let o be 4*507/42 + 4/(-14). Suppose q + 2 = 4. Suppose 3*y = 3*k - 2*k - 20, q*y = -2*k + o. What is the units digit of k?
3
Let x(z) = 45*z - 105. What is the tens digit of x(7)?
1
Suppose 7*u - 4410 = -2*u. Suppose 7*b = 12*b - u. What is the tens digit of b?
9
Let z = -437 + 1631. What is the units digit of z?
4
What is the units digit of (-51)/119 - (-927)/7?
2
Suppose 0 = 85*p - 40377 - 245223. What is the units digit of p?
0
Let x be 2/6*3*-1. Let b(c) = 36*c**2 + c + 2. What is the units digit of b(x)?
7
Let r = -15 - -33. Let m be (-4)/r + (-2350)/(-45). Suppose f + m = 5*f. What is the tens digit of f?
1
Let g be 2*(0 - 27/(-6)). Let q = g - 8. What is the tens digit of -42*(-2)/4*q?
2
Let l(d) = -8*d**2 - 3*d - 2. Let b be l(-2). Suppose -12*v + 344 = -712. Let s = v + b. What is the units digit of s?
0
Let a = 3 - 8. Let g be -12 + (-4)/(1 + a). Let c = 24 - g. What is the units digit of c?
5
Suppose 5*p = -2*m + 4190, 68*m = 69*m - 5*p - 2080. What is the hundreds digit of m?
0
Let q be ((-3)/((-12)/16) + 52)/1. Suppose 54*b = q*b - 174. What is the units digit of b?
7
Let k(b) = 11*b**3 + 2*b**2 - b + 3. Let z be k(2). Suppose 307 = 6*t + z. What is the tens digit of t?
3
Suppose -l + g - 149 = -435, 4*g = l - 274. Suppose l + 364 = 3*y - 3*b, -2*y - b + 445 = 0. What is the hundreds digit of y?
2
Let f(t) = 1114*t**2 - 3*t - 3. What is the units digit of f(-1)?
4
Let l(s) = -s**2 + 5*s - 4. Let z be l(3). Let o be z/6 + 30/18. What is the units digit of ((-7)/o)/(6/(-12))?
7
Let y(u) = u**2 - u + 110. Let m be y(0). Suppose 0*q - 4*x - 68 = -2*q, -m = -5*q - 2*x. What is the tens digit of q?
2
Let v(d) = d**3 - d + 4. Let m be v(0). Suppose 0*z = m*z - 8. What is the units digit of -6*(-12)/16*z?
9
Let p be (-2)/3 - 76/(-6). Suppose -5*c + 1 - 21 = 0. Let s = p - c. What is the tens digit of s?
1
Let r(h) = -2*h - 7. Let a be r(2). Let x(w) = -w**3 - 11*w**2 - 3*w - 14. What is the units digit of x(a)?
9
Suppose 9 = v + 2*s - 1, -5*v - 5*s = -50. Suppose -203 = -v*u + 337. What is the tens digit of u?
5
What is the hundreds digit of (17484/8)/3 - 6/(-12)?
7
Let p(b) = b**3 + 8*b**2 + 1. Let g be p(-8). What is the units digit of -1*g + 0 - (8 + -77)?
8
Suppose -q - w + 4990 = 0, -q - 9*w + 4978 = -12*w. What is the tens digit of q?
8
Let y = -230 - -243. What is the units digit of y?
3
Let m(w) = 5*w**2 - 8*w + 3. What is the units digit of m(6)?
5
Suppose 2*i + 2992 = 4*i. Suppose -i = -5*x - 471. What is the hundreds digit of x?
2
Suppose 2 = b - o, -2*o + 1 + 16 = 5*b. Suppose b*l + 3*w = 102, 4*w + 0 - 70 = -2*l. What is the units digit of l?
3
Let w(j) = j**3 + 24*j**2 + 23*j - 3. Let a be w(-23). Let y(s) = 15*s**2 + 6. What is the hundreds digit of y(a)?
1
Let w = 11 - 8. Suppose -4*s - 2*i = w*i - 27, 0 = -4*s - 4*i + 24. Suppose 5*q = -h + 8, s*q - 13 = -2*h + 31. What is the tens digit of h?
2
Suppose 5*l + 17 = -8, 3*b + 3*l = 15849. What is the tens digit of b?
8
Let z = -24 - 65. Let y = z + 263. What is the tens digit of y?
7
Let m(k) = -2 - 2 - k**2 - 4*k**2 + 2*k**2 - 4*k - k**3. Let d be m(-5). Let l = d - 39. What is the units digit of l?
7
Let m be (-12)/(-10) + -5 + 48/10. What is the hundreds digit of 116 + -5 + 2 + -2 + m?
1
Let c be (-4)/3*90/(-20). Let h be (-97)/(-2) + c/(-12). Suppose -6*v = -3*v - h. What is the tens digit of v?
1
Suppose 0 = -5*v - 5*t + 4685, -3*v + 14*t = 15*t - 2819. What is the tens digit of v?
4
Suppose 5*x + 12 - 212 = 0. Let m = -36 + x. What is the units digit of -1*4/m + 44?
3
Let m(q) = -50*q + 11. Let y be m(2). Let d = 238 + y. What is the units digit of d?
9
Let y(r) = -r**2 - 1 - 2*r**2 + 3 - r**3. Let j be y(-3). Suppose 2*w = -j*s + 40, -5*w - s + 70 = -2*s. What is the tens digit of w?
1
Let t(b) = b**2 - 4*b. Suppose 4*r - 16 = 4. Let l be t(r). Suppose 69 = l*y + 49. What is the units digit of y?
4
Let y(x) = -x**3 + 6*x**2 - 2*x + 4. Suppose -d + 7 = 3*h, 3*d - 5*h + 4 = 11. Let i be y(d). Suppose 0 = 4*s - i - 16. What is the units digit of s?
1
Let a(k) = k - 10. Let c be (-6)/(-14) + (-690)/(-105). Let m be a(c). What is the units digit of (-3 + -1)/(-1) - m?
7
Suppose -5*m - 2*k = 1, m - 3*m = k. Let u be ((-3)/3)/m + -13. What is the tens digit of 9/u*(0 + -24)?
1
Suppose -4 = -f + 2*i, 13 = -5*f + i + 33. Suppose -3*g = -f - 2. What is the units digit of 25 - (-3)/(-2)*g?
2
Let v be (7*1)/(14/(-98)). Let j = -214 - -120. Let r = v - j. What is the units digit of r?
5
Suppose x + 3*s - 321 = 0, 6*x - 5*s - 893 = 3*x. What is the tens digit of x?
0
Suppose 0 = 3*d + 3*g + 3, -g = 3*d + g + 2. Suppose -4*x + 5*l + 74 = 0, 0 = -5*x - d*x - 2*l + 76. What is the tens digit of x?
1
Suppose -3*h = 2*c - 86, 116 = 4*h + 6*c - 3*c. Let b be ((-1)/(-3))/(1/(-39)). Let x = h + b. What is the tens digit of x?
1
Let m be (1 - 2)/((-10)/(-20)). Let l(w) = -7*w - 6. What is the units digit of l(m)?
8
Let z be 1 + -1 + (3 - -3). Suppose z*x - x = 10. Suppose -2*y = x*y - 68. What is the units digit of y?
7
Let q = 23 - -22. Suppose q + 27 = 4*y. Let m = -7 + y. What is the tens digit of m?
1
Suppose -f = -6*p + 2*p - 39, 51 = -5*p + 2*f. What is the units digit of p/15 - (-115)/25?
4
Suppose 3*w - 36 = 3*v, -w - v - 2*v = -28. Suppose 0 = -4*d + 24 + w. Suppose -d = 10*s - 11*s. What is the units digit of s?
0
Suppose 0 = -2*d - 8*d + 7160. What is the hundreds digit of d?
7
What is the tens digit of 2/7 + (-4 - (-6095)/7)?
6
Let n be (2 + 0 + -3)*-1. Let d(f) = 17*f**2. Let v be d(n). Let h = 37 - v. What is the tens digit of h?
2
Let g(j) be the third derivative of 7/60*j**5 + 5*j**2 + 0*j + 0 + 1/6*j**3 + 1/24*j**4. What is the tens digit of g(-2)?
2
Let d = -9 + -1. What is the tens digit of d/(-15) + (-28)/(-3)?
1
What is the hundreds digit of 2/(-10)*34*19440/(-108)?
2
Let s(q) = q**2 + q + 92. Let u be s(0). Suppose -5*j = -u - 93. Suppose 165 - j = 4*n. What is the tens digit of n?
3
Let m(x) = -74*x + 15*x + 62 - 65. What is the tens digit of m(-2)?
1
Let w be (-11)/(-3) - (-2)/6. Let k(j) = j**2 - 2*j + 6. Let m be k(7). Suppose m - 245 = -w*x. What is the tens digit of x?
5
Let c be ((-147)/14)/(1/(-2)). Suppose o = 72 - 2. Suppose -5*i - 3*g + c = -59, -o = -5*i - g. What is the tens digit of i?
1
Suppose -41 - 109 = 3*x. Let c = x + 105. What is the units digit of c?
5
Suppose 18*o - 1284 = 6*o. Suppose -287 - o = -2*u. What is the tens digit of u?
9
Let a(y) = -y**3 + 4*y**2 - y. Let q be a(4). Let c = -2 + q. Let i(f) = f**2 + 7*f + 9. What is the units digit of i(c)?
3
Suppose 3*z - 2 = 4. Let n(m) = 32*m - 5. Let a be n(z). Let c = -33 + a. What is the units digit of c?
6
Let t be 11/33 - (1 - (-69)/(-9)). Let w(f) = 2*f + 46. What is the tens digit of w(t)?
6
Suppose -p = -5*a, 4*p - 3*a + 29 + 39 = 0. Let d be (p/14)/(3/(-21)). Suppose d*t - 6*t - 36 = 0. What is the units digit of t?
9
Suppose -32 = -2*h - 4*p, 0*h + p + 20 = 3*h. Let l(k) = k**3 - 8*k**2 